1. Let d(r) = -25*r**3 + 7*r**2 + 7*r - 2. Let b(s) = 3*d(s) + 7*p(s). Determine b(-1).
-8
Let r(w) be the second derivative of w**6/360 + 7*w**5/120 + w**4/12 - 5*w**3/6 - 4*w. Let h(l) be the second derivative of r(l). Give h(-6).
-4
Let l(m) = -3*m**2 - m - 4. Let x(u) = 8*u**2 + 3*u + 11. Let q(v) = 11*l(v) + 4*x(v). Let i(a) = -a**2 + 6*a - 4. Let k be i(6). Let n = k + 4. Determine q(n).
0
Suppose 4*z - 3*v = 5, -3*z + 2 - 1 = -5*v. Suppose 23 = -2*k + r - 6*r, 4*k = -z*r - 6. Let t(o) = 2*o + 0*o - 4 + k. What is t(2)?
1
Let n(s) = -5*s**3 - 5 + 4*s + 2*s**3 + 4*s**3 - 4*s**2. Determine n(4).
11
Let s(c) = -14 - c + c**2 - 2*c**3 + c**3 + 7. What is s(0)?
-7
Let r(t) be the second derivative of 0 + 0*t**2 - 1/3*t**3 + 2*t. Let c(h) = -h. Let b(u) = -11*c(u) + 6*r(u). Calculate b(-2).
2
Let u(a) be the second derivative of -a**5/20 + a**4/12 + a**3/2 - 3*a**2/2 + 2*a. What is u(2)?
-1
Let q(c) = -5 - 1 + 2 + c. Let z(y) = y**2 - 11*y + 12. Let d be z(10). Suppose 0*f = 5*f + 4*u + 35, -d*f - 26 = 4*u. What is q(f)?
-7
Let k(l) = l**2 - l - 4. Let u(a) be the third derivative of -a**5/60 - a**4/2 + 10*a**2. Let m be u(-12). Calculate k(m).
-4
Let x(p) = 2*p**2 - 2*p - 1. Suppose -2*s - n + 2*n = 0, s - n = -2. Let r(z) = -4*z**2 - 3 - 4*z**2 + 3*z - z**2 + 8*z**2. Let l be r(s). What is x(l)?
3
Let r(o) = o. Suppose 2*n + 38 = 4*c + 104, -3*c - 2*n = 39. Let k be 10/c*6/(-4). Let b(w) = -14*w - 1. Let q(d) = k*b(d) + 5*r(d). What is q(1)?
-10
Let u(h) = 4*h**2 + h. Let a(d) = 2*d**2 + d - 2. Let s be a(1). What is u(s)?
5
Let q be 2/10 + -6 + (-49)/(-5). Let g(n) = -2 + 0*n**3 + 4*n - 2*n**2 - 3*n**2 + n**3. Calculate g(q).
-2
Let h = -23 - -41. Suppose -m - h = 2*m. Let k(j) = j**2 + 4*j - 7. Give k(m).
5
Let w(v) = v**3 + v - 5. Suppose -c - 4*c = 0. Calculate w(c).
-5
Let d(a) = -2*a**3 + 9*a + 7. Let f(y) = y**3 - 4*y - 3. Let h(x) = -3*d(x) - 7*f(x). Determine h(-1).
0
Let a(p) = 5*p - 4 - 4*p + 1 - 10. Calculate a(0).
-13
Let l(w) be the first derivative of -w**4/4 - w**3/3 + 3*w**2/2 + 3*w + 2. Let d(g) = g**3 - 5*g**2 - 6*g. Let k be d(6). Let v = k - 2. Calculate l(v).
1
Let r(x) = -1 - x**2 - 5*x**2 + 2*x**2 - 4 + x**3 - 3*x. Give r(5).
5
Let m be -8 + 7 - -2*(1 + -2). Let p(v) = -4*v - 2 + v - v**2 + 4. Calculate p(m).
2
Let s(b) = b**2 + 3*b - 4. Suppose g - 5*r + 7 + 6 = 0, 5*g = -r + 13. Suppose -5*z + 2*n = -g*z + 23, -2*z = 3*n - 2. Calculate s(z).
6
Let p(y) = 5 - 5*y**2 - 4 + 2 - y**3 + 0 - 3*y. Suppose -7 = h - 3. Calculate p(h).
-1
Let w(n) = 4*n**3 + 2*n**2 - n + 5. Let y(t) = 7*t**3 + 4*t**2 - 2*t + 9. Let h(i) = -5*w(i) + 3*y(i). Determine h(-3).
-4
Let a be 104/(-20) - 1/(-5). Suppose 2*n - 3*n = 0. Let g(h) = -h - h + 1 + n. Determine g(a).
11
Let w(m) = m**2 - 4*m + 7. Let o be w(5). Suppose -2*j - 3*j + o = f, f + 2*j = 6. Let t(i) = -i**2 + 3*i - 3. Determine t(f).
-1
Let t(c) be the second derivative of -c**5/20 + 2*c**4/3 - 7*c**3/6 - 3*c**2 - 9*c. Calculate t(7).
-6
Let j(w) = -3 - 6 - 6*w**2 + 3*w + 3*w**3 + 10 - 2*w**3. What is j(5)?
-9
Let l be 21/9 + (-4)/(-6). Suppose -5*y - 8 = -3*t, -2*y - 2*t + 3*t = l. Let f(p) = -p + p**3 + 4*p**3 + p**2 + 2*p. Give f(y).
-5
Let a(n) be the first derivative of n**3/3 + n**2 + 2*n - 27. Calculate a(-3).
5
Let z(d) = -d**3 - 2*d**2 - 9*d + 3. Let y(c) = c**3 - c**2 + c + 1. Let a(m) = 2*y(m) + z(m). Let t be (-2)/(0 + (-4)/10). Calculate a(t).
-5
Let z(c) = -c + 11. Let p be z(12). Let i(u) = 10*u. What is i(p)?
-10
Let i be (2/(-3))/((-2)/(-15)). Let s(p) = -2*p**3 + p**2 - 3*p - 2. Let u(r) = -5*r**3 + 4*r**2 - 9*r - 5. Let c(m) = 8*s(m) - 3*u(m). Give c(i).
9
Suppose 3*t + 4*w = 26, 3*t - w = -6*w + 31. Let r(u) = -4*u - 1 - t*u - 2*u - 3*u. Let p be (-2)/((-3)/((-3)/2)). Determine r(p).
10
Suppose -k - 9 = 2*k. Let p(r) = -r + 9. Let s be p(7). Let a(y) = -6*y**3 + 1 + 5*y**3 - 2*y**s - 3*y**2 + 1 - 2*y. Calculate a(k).
-10
Let c(n) = -n**2 + 8*n - 7. Let f be c(6). Let i = f + -4. Let x = i - 6. Let g(t) = t - 2. Give g(x).
-7
Let g be (6/(-4))/((-3)/(-20)). Let z be (8/g)/((-2)/5). Suppose -6 = -3*w + z*u + u, 14 = 3*w - 5*u. Let c(f) = 2*f**2 + 3*f + 1. Determine c(w).
3
Suppose 0 = 8*g - 12*g + 4. Let x(u) = -6*u + 2*u**3 + 3*u - g - u**3 + 2*u**2. Let z = 2 + -5. What is x(z)?
-1
Let y(s) = -5*s. Suppose -3*x = -4*n + x - 12, 2*n - x = -2. Suppose -5*a + 14 = -4*o, o - n = 4*o + a. Determine y(o).
5
Suppose -10*h + 5*h + 10 = 0. Let d(i) = -2*i + 3. Give d(h).
-1
Let m(f) = f**3 - 4*f**2 - 4*f - 7. Let u be (-1)/3 + (-7)/(-3). Suppose -u = n + 3. Let s be (-46)/(-10) - 2/n. Determine m(s).
-2
Let a(w) = 5 - 2 - w + w**3 - 3*w**2 + 1. What is a(3)?
1
Let a = 41 - -1. Suppose 0*r - 4*o + 32 = 2*r, -3*o = 3*r - a. Let x be r/2 + (-4)/4. Let d(c) = -4*c + 7. Give d(x).
-13
Let r(k) = k**2 + 4*k - 3. Let d be r(-5). Let g(l) = l**3 - 3*l + 3. What is g(d)?
5
Let a(l) = -l**2 + 8*l - 9. Let m be a(5). Let v(f) = f + 2. Let j be v(5). Let n = m - j. Let k(b) = -b. Give k(n).
1
Let p(g) = -g**2 - g. Suppose 3 = 3*a - 3. Let k(z) = -z + z - 3*z**a + 2*z. Let n(l) = k(l) + p(l). Give n(1).
-3
Let p(g) = g**2 + 4*g. Let f = 4 + -9. Calculate p(f).
5
Let n(d) be the second derivative of -d**5/5 - d**4/12 + d**2/2 + d. Suppose -2 = 5*u - 7. Suppose u + 4 = -5*y. What is n(y)?
4
Let w(o) = -9*o**2 + o. Suppose 3*v - 1 = -4. Determine w(v).
-10
Let o(q) = -q**3 + 10*q**2 + 10*q + 10. Let y(j) = j**2 + 15*j + 25. Let g be y(-14). Calculate o(g).
-1
Let j = -16 - -21. Let r(k) = 7 - 2*k - 12 + k. Calculate r(j).
-10
Let c = -5 - -5. Let p(v) = -v**2 - v + 2. Determine p(c).
2
Let l(h) = -17*h + 5. Let a(j) = -6*j + 2. Let u(g) = 8*a(g) - 3*l(g). Let b(t) = t**2 - 4*t. Let z be b(2). Let i be (28/16 - 1)*z. What is u(i)?
-8
Let n be 3/((-1)/(-1) - 2). Let w(t) = t**3 + 4*t**2 + 3*t + 1. Let x be w(n). Let o be -1 + 1 + (4 - x). Let p(j) = j + 3. Determine p(o).
6
Let m(u) = u**3 + 4*u**2 + 2*u. Suppose 20 = -13*t + 8*t. Calculate m(t).
-8
Let s(f) = 3*f + 4*f**2 + 3 + 0*f + 3*f**3 - 2*f**3. Let o(x) = x + 15. Let p be o(-7). Let c(h) = -h**2 + 9*h - 11. Let j be c(p). Give s(j).
3
Let o(u) = -6*u**2 + u. Let b be o(1). Let n(z) = -z**3 - 4*z**2 + 5*z - 3. What is n(b)?
-3
Let w(y) = 5*y**2 - 9*y + 5. Let d = -22 + 26. Let a(s) = -2*s**2 + 3*s - 2. Let p(r) = d*w(r) + 11*a(r). What is p(-3)?
-11
Let u(v) = -v**2 - 7*v - 5. Let z be u(-4). Let k(s) = -z + 3 - 3*s + 2 + 0*s. Give k(-2).
4
Suppose 3*g + 4*r = 0, 2*r = 3*g + 3*r. Let o(x) = -x**3 + 18. Give o(g).
18
Let u(a) = a**2 - a + 1. Suppose 5*z = 3*z + 2. What is u(z)?
1
Let n(g) be the first derivative of g**5/60 - g**4/8 + g**3/6 + 3*g**2/2 + 5. Let b(a) be the second derivative of n(a). Calculate b(3).
1
Let x be 39/7 - 60/(-140). Let a(c) be the third derivative of -c**6/120 + c**5/10 - 2*c**3/3 + c**2. Give a(x).
-4
Let s(x) = x - 7. Let u(t) = t + 6. Let z be u(-5). Let m be (-5 - -5) + (z - 1). Calculate s(m).
-7
Let t(m) = 10*m**3 - m**2 - 2*m - 1. Suppose -60 = 6*p - 54. Give t(p).
-10
Let y(f) = -f - 5*f**3 + 9*f + 4 + f**3 - 7*f**2 + 5*f**3. Give y(6).
16
Let p(d) = d**3 + 8*d**2 - d - 2. Suppose -5*l - 2*l - 56 = 0. Give p(l).
6
Let b(f) = -2*f**2 + 5*f - 2. Let u(v) = 3*v**2 - 4*v + 3. Let k(p) = 4*b(p) + 3*u(p). Determine k(-7).
-6
Let y(l) = 7*l**2 - 11*l - 18. Let z(v) = -4*v**2 + 5*v + 9. Let k(o) = -3*y(o) - 5*z(o). What is k(8)?
9
Suppose -5*j + 2*o - 5 - 4 = 0, 0 = -j - o + 1. Let p(r) = -8*r**2. Determine p(j).
-8
Let q = 4 - 18. Let z = 9 + q. Let c(x) = x. Give c(z).
-5
Let d(f) be the second derivative of 0 - 3/2*f**2 + 4*f - 2/3*f**3. Give d(-2).
5
Suppose -1 = 2*j + 15. Let s = -6 - j. Let q(x) = x**3 - x**2 - x + 1. Let m(y) = 5*y**3 - 5*y**2 - 5*y + 4. Let f(n) = m(n) - 4*q(n). Determine f(s).
2
Let o = -6 - 0. Suppose 5*n = -2*u - 7, 3*n - 2*n - 2 = 3*u. Let c be u - (-1)/(3/o). Let d(k) = k + 3. Determine d(c).
0
Let h(p) be the second derivative of -p**3/6 + p**2/2 - p. Let q = -1 - 2. Let x = q - -2. Give h(x).
2
Let f(u) = -u**3 + 4*u**2 + 5*u + 4. Let a = 49 - 44. Give f(a).
4
Suppose -v = v - 2. Let b(i) = -3 + v - 2*i - 2 + 0*i. What is b(-5)?
6
Let r be 3/(-3)*1*-3. Let z be (3 - 6/3) + r. Let l(p) = -3*p - 2. Let y(b) = 8*b + 6. Let h(u) = 11*l(u) + 4*y(u). What is h(z)?
-2
Let h 